{"id":352,"date":"2018-01-06T12:46:50","date_gmt":"2018-01-06T12:46:50","guid":{"rendered":"https:\/\/mediasoft.com.pl\/projekty\/spawstalsk\/?page_id=352"},"modified":"2018-10-08T13:51:31","modified_gmt":"2018-10-08T13:51:31","slug":"lupane","status":"publish","type":"page","link":"https:\/\/mediasoft.com.pl\/projekty\/spawstalsk\/realizacje\/ogrodzenia\/lupane\/","title":{"rendered":"\u0141upane"},"content":{"rendered":"<div style=\"text-align: justify;\"><strong>Ogrodzenia z pustak\u00f3w \u0142upanych<\/strong>\u00a0cechuje wyrazista estetyka kamiennego bloku, niezwykle prosty i szybki monta\u017c, trwa\u0142o\u015b\u0107 i jako\u015b\u0107. Pustaki posiadaj\u0105 ozdobne, \u0142upane lico, kt\u00f3re imituje kolorem i struktur\u0105 naturalny kamie\u0144. powierzchnia doskonale prezentuje si\u0119 pod\u015bwietlona &#8211; nadaje ogrodzeniu ponadczasowy charakter. Konstrukcja pustak\u00f3w pozwala na \u0142atwe dokonanie korekt wysoko\u015bciowych i szeroko\u015bciowych (upad terenu). Tak stworzony system pozwala na szybkie, \u0142atwe wykonanie i obni\u017cenie w spos\u00f3b drastyczny koszt\u00f3w budowy. Ogrodzenie mo\u017ce by\u0107 postawione na systemie fundamentowym wykonanym z pustak\u00f3w szalunkowych oraz belki no\u015bnej lub na fundamencie lanym i uzbrojonym.<\/div>\n<div><span style=\"font-family: Arial, Helvetica, sans-serif; font-size: small;\">\u00a0<\/span><\/div>\n<div>Bloczki \u0142upane charakteryzuj\u0105 si\u0119:<\/div>\n<div>&#8211; nisk\u0105 nasi\u0105kliwo\u015bci\u0105<\/div>\n<div>&#8211; wysok\u0105 mrozoodporno\u015bci\u0105<\/div>\n<div>&#8211; wytrzyma\u0142o\u015bci\u0105 na uszkodzenia.<\/div>\n<p style=\"text-align: justify;\"><strong>Firma SPAW-STAL S.K\u00a0<\/strong>oferuje us\u0142ugi w zakresie kompleksowej budowy<strong>\u00a0ogrodze\u0144 z pustak\u00f3w \u0142upanych, kszta\u0142tek, element\u00f3w betonowych,<\/strong>\u00a0kt\u00f3rych uzupe\u0142nieniem s\u0105<strong>\u00a0panele, bramy i furtki drewniane lub metalowe.<\/strong><\/p>\n<p style=\"text-align: center;\"><a href=\"https:\/\/mediasoft.com.pl\/projekty\/spawstalsk\/wp-content\/uploads\/2018\/01\/dostepne_kolory_Gorc_L.jpg\"><img loading=\"lazy\" class=\"alignnone size-medium wp-image-572\" src=\"https:\/\/mediasoft.com.pl\/projekty\/spawstalsk\/wp-content\/uploads\/2018\/01\/dostepne_kolory_Gorc_L-300x270.jpg\" alt=\"\" width=\"300\" height=\"270\" srcset=\"https:\/\/mediasoft.com.pl\/projekty\/spawstalsk\/wp-content\/uploads\/2018\/01\/dostepne_kolory_Gorc_L-300x270.jpg 300w, https:\/\/mediasoft.com.pl\/projekty\/spawstalsk\/wp-content\/uploads\/2018\/01\/dostepne_kolory_Gorc_L.jpg 451w\" sizes=\"(max-width: 300px) 100vw, 300px\" \/><\/a><\/p>\n<p><iframe loading=\"lazy\" width=\"500\" height=\"281\" src=\"https:\/\/www.youtube.com\/embed\/UV-7n5adaxs?feature=oembed\" frameborder=\"0\" allow=\"autoplay; encrypted-media\" allowfullscreen><\/iframe><\/p>\n","protected":false},"excerpt":{"rendered":"<p>Ogrodzenia z pustak\u00f3w \u0142upanych\u00a0cechuje wyrazista estetyka kamiennego bloku, niezwykle prosty i szybki monta\u017c, trwa\u0142o\u015b\u0107 i jako\u015b\u0107. Pustaki posiadaj\u0105 ozdobne, \u0142upane lico, kt\u00f3re imituje kolorem i struktur\u0105 naturalny kamie\u0144. powierzchnia doskonale prezentuje si\u0119 pod\u015bwietlona &#8211; nadaje ogrodzeniu ponadczasowy charakter. Konstrukcja pustak\u00f3w pozwala na \u0142atwe dokonanie korekt wysoko\u015bciowych i szeroko\u015bciowych (upad terenu). Tak stworzony system pozwala na [&hellip;]<\/p>\n","protected":false},"author":1,"featured_media":0,"parent":335,"menu_order":29,"comment_status":"closed","ping_status":"closed","template":"","meta":{"_genesis_hide_title":false,"_genesis_hide_breadcrumbs":false,"_genesis_hide_singular_image":false,"_genesis_hide_footer_widgets":false,"_genesis_custom_body_class":"","_genesis_custom_post_class":"","_genesis_layout":""},"yoast_head":"<!-- This site is optimized with the Yoast SEO plugin v18.0 - https:\/\/yoast.com\/wordpress\/plugins\/seo\/ -->\n<title>\u0141upane - Spaw Stal S.K.<\/title>\n<meta name=\"robots\" content=\"index, follow, max-snippet:-1, max-image-preview:large, max-video-preview:-1\" \/>\n<link rel=\"canonical\" href=\"https:\/\/mediasoft.com.pl\/projekty\/spawstalsk\/realizacje\/ogrodzenia\/lupane\/\" \/>\n<meta property=\"og:locale\" content=\"pl_PL\" \/>\n<meta property=\"og:type\" content=\"article\" \/>\n<meta property=\"og:title\" content=\"\u0141upane - Spaw Stal S.K.\" \/>\n<meta property=\"og:description\" content=\"Ogrodzenia z pustak\u00f3w \u0142upanych\u00a0cechuje wyrazista estetyka kamiennego bloku, niezwykle prosty i szybki monta\u017c, trwa\u0142o\u015b\u0107 i jako\u015b\u0107. Pustaki posiadaj\u0105 ozdobne, \u0142upane lico, kt\u00f3re imituje kolorem i struktur\u0105 naturalny kamie\u0144. powierzchnia doskonale prezentuje si\u0119 pod\u015bwietlona &#8211; nadaje ogrodzeniu ponadczasowy charakter. Konstrukcja pustak\u00f3w pozwala na \u0142atwe dokonanie korekt wysoko\u015bciowych i szeroko\u015bciowych (upad terenu). Tak stworzony system pozwala na [&hellip;]\" \/>\n<meta property=\"og:url\" content=\"https:\/\/mediasoft.com.pl\/projekty\/spawstalsk\/realizacje\/ogrodzenia\/lupane\/\" \/>\n<meta property=\"og:site_name\" content=\"Spaw Stal S.K.\" \/>\n<meta property=\"article:modified_time\" content=\"2018-10-08T13:51:31+00:00\" \/>\n<meta property=\"og:image\" content=\"https:\/\/mediasoft.com.pl\/projekty\/spawstalsk\/wp-content\/uploads\/2018\/01\/dostepne_kolory_Gorc_L-300x270.jpg\" \/>\n<meta name=\"twitter:card\" content=\"summary_large_image\" \/>\n<meta name=\"twitter:label1\" content=\"Szacowany czas czytania\" \/>\n\t<meta name=\"twitter:data1\" content=\"1 minuta\" \/>\n<script type=\"application\/ld+json\" class=\"yoast-schema-graph\">{\"@context\":\"https:\/\/schema.org\",\"@graph\":[{\"@type\":\"WebSite\",\"@id\":\"https:\/\/mediasoft.com.pl\/projekty\/spawstalsk\/#website\",\"url\":\"https:\/\/mediasoft.com.pl\/projekty\/spawstalsk\/\",\"name\":\"Spaw Stal S.K.\",\"description\":\"Nowoczesne Ogrodzenia\",\"potentialAction\":[{\"@type\":\"SearchAction\",\"target\":{\"@type\":\"EntryPoint\",\"urlTemplate\":\"https:\/\/mediasoft.com.pl\/projekty\/spawstalsk\/?s={search_term_string}\"},\"query-input\":\"required name=search_term_string\"}],\"inLanguage\":\"pl-PL\"},{\"@type\":\"ImageObject\",\"@id\":\"https:\/\/mediasoft.com.pl\/projekty\/spawstalsk\/realizacje\/ogrodzenia\/lupane\/#primaryimage\",\"inLanguage\":\"pl-PL\",\"url\":\"https:\/\/mediasoft.com.pl\/projekty\/spawstalsk\/wp-content\/uploads\/2018\/01\/dostepne_kolory_Gorc_L.jpg\",\"contentUrl\":\"https:\/\/mediasoft.com.pl\/projekty\/spawstalsk\/wp-content\/uploads\/2018\/01\/dostepne_kolory_Gorc_L.jpg\",\"width\":451,\"height\":406},{\"@type\":\"WebPage\",\"@id\":\"https:\/\/mediasoft.com.pl\/projekty\/spawstalsk\/realizacje\/ogrodzenia\/lupane\/#webpage\",\"url\":\"https:\/\/mediasoft.com.pl\/projekty\/spawstalsk\/realizacje\/ogrodzenia\/lupane\/\",\"name\":\"\u0141upane - Spaw Stal S.K.\",\"isPartOf\":{\"@id\":\"https:\/\/mediasoft.com.pl\/projekty\/spawstalsk\/#website\"},\"primaryImageOfPage\":{\"@id\":\"https:\/\/mediasoft.com.pl\/projekty\/spawstalsk\/realizacje\/ogrodzenia\/lupane\/#primaryimage\"},\"datePublished\":\"2018-01-06T12:46:50+00:00\",\"dateModified\":\"2018-10-08T13:51:31+00:00\",\"breadcrumb\":{\"@id\":\"https:\/\/mediasoft.com.pl\/projekty\/spawstalsk\/realizacje\/ogrodzenia\/lupane\/#breadcrumb\"},\"inLanguage\":\"pl-PL\",\"potentialAction\":[{\"@type\":\"ReadAction\",\"target\":[\"https:\/\/mediasoft.com.pl\/projekty\/spawstalsk\/realizacje\/ogrodzenia\/lupane\/\"]}]},{\"@type\":\"BreadcrumbList\",\"@id\":\"https:\/\/mediasoft.com.pl\/projekty\/spawstalsk\/realizacje\/ogrodzenia\/lupane\/#breadcrumb\",\"itemListElement\":[{\"@type\":\"ListItem\",\"position\":1,\"name\":\"Strona g\u0142\u00f3wna\",\"item\":\"https:\/\/mediasoft.com.pl\/projekty\/spawstalsk\/\"},{\"@type\":\"ListItem\",\"position\":2,\"name\":\"Realizacje\",\"item\":\"https:\/\/mediasoft.com.pl\/projekty\/spawstalsk\/realizacje\/\"},{\"@type\":\"ListItem\",\"position\":3,\"name\":\"Ogrodzenia\",\"item\":\"https:\/\/mediasoft.com.pl\/projekty\/spawstalsk\/realizacje\/ogrodzenia\/\"},{\"@type\":\"ListItem\",\"position\":4,\"name\":\"\u0141upane\"}]}]}<\/script>\n<!-- \/ Yoast SEO plugin. -->","yoast_head_json":{"title":"\u0141upane - Spaw Stal S.K.","robots":{"index":"index","follow":"follow","max-snippet":"max-snippet:-1","max-image-preview":"max-image-preview:large","max-video-preview":"max-video-preview:-1"},"canonical":"https:\/\/mediasoft.com.pl\/projekty\/spawstalsk\/realizacje\/ogrodzenia\/lupane\/","og_locale":"pl_PL","og_type":"article","og_title":"\u0141upane - Spaw Stal S.K.","og_description":"Ogrodzenia z pustak\u00f3w \u0142upanych\u00a0cechuje wyrazista estetyka kamiennego bloku, niezwykle prosty i szybki monta\u017c, trwa\u0142o\u015b\u0107 i jako\u015b\u0107. Pustaki posiadaj\u0105 ozdobne, \u0142upane lico, kt\u00f3re imituje kolorem i struktur\u0105 naturalny kamie\u0144. powierzchnia doskonale prezentuje si\u0119 pod\u015bwietlona &#8211; nadaje ogrodzeniu ponadczasowy charakter. Konstrukcja pustak\u00f3w pozwala na \u0142atwe dokonanie korekt wysoko\u015bciowych i szeroko\u015bciowych (upad terenu). Tak stworzony system pozwala na [&hellip;]","og_url":"https:\/\/mediasoft.com.pl\/projekty\/spawstalsk\/realizacje\/ogrodzenia\/lupane\/","og_site_name":"Spaw Stal S.K.","article_modified_time":"2018-10-08T13:51:31+00:00","og_image":[{"url":"https:\/\/mediasoft.com.pl\/projekty\/spawstalsk\/wp-content\/uploads\/2018\/01\/dostepne_kolory_Gorc_L-300x270.jpg"}],"twitter_card":"summary_large_image","twitter_misc":{"Szacowany czas czytania":"1 minuta"},"schema":{"@context":"https:\/\/schema.org","@graph":[{"@type":"WebSite","@id":"https:\/\/mediasoft.com.pl\/projekty\/spawstalsk\/#website","url":"https:\/\/mediasoft.com.pl\/projekty\/spawstalsk\/","name":"Spaw Stal S.K.","description":"Nowoczesne Ogrodzenia","potentialAction":[{"@type":"SearchAction","target":{"@type":"EntryPoint","urlTemplate":"https:\/\/mediasoft.com.pl\/projekty\/spawstalsk\/?s={search_term_string}"},"query-input":"required name=search_term_string"}],"inLanguage":"pl-PL"},{"@type":"ImageObject","@id":"https:\/\/mediasoft.com.pl\/projekty\/spawstalsk\/realizacje\/ogrodzenia\/lupane\/#primaryimage","inLanguage":"pl-PL","url":"https:\/\/mediasoft.com.pl\/projekty\/spawstalsk\/wp-content\/uploads\/2018\/01\/dostepne_kolory_Gorc_L.jpg","contentUrl":"https:\/\/mediasoft.com.pl\/projekty\/spawstalsk\/wp-content\/uploads\/2018\/01\/dostepne_kolory_Gorc_L.jpg","width":451,"height":406},{"@type":"WebPage","@id":"https:\/\/mediasoft.com.pl\/projekty\/spawstalsk\/realizacje\/ogrodzenia\/lupane\/#webpage","url":"https:\/\/mediasoft.com.pl\/projekty\/spawstalsk\/realizacje\/ogrodzenia\/lupane\/","name":"\u0141upane - Spaw Stal S.K.","isPartOf":{"@id":"https:\/\/mediasoft.com.pl\/projekty\/spawstalsk\/#website"},"primaryImageOfPage":{"@id":"https:\/\/mediasoft.com.pl\/projekty\/spawstalsk\/realizacje\/ogrodzenia\/lupane\/#primaryimage"},"datePublished":"2018-01-06T12:46:50+00:00","dateModified":"2018-10-08T13:51:31+00:00","breadcrumb":{"@id":"https:\/\/mediasoft.com.pl\/projekty\/spawstalsk\/realizacje\/ogrodzenia\/lupane\/#breadcrumb"},"inLanguage":"pl-PL","potentialAction":[{"@type":"ReadAction","target":["https:\/\/mediasoft.com.pl\/projekty\/spawstalsk\/realizacje\/ogrodzenia\/lupane\/"]}]},{"@type":"BreadcrumbList","@id":"https:\/\/mediasoft.com.pl\/projekty\/spawstalsk\/realizacje\/ogrodzenia\/lupane\/#breadcrumb","itemListElement":[{"@type":"ListItem","position":1,"name":"Strona g\u0142\u00f3wna","item":"https:\/\/mediasoft.com.pl\/projekty\/spawstalsk\/"},{"@type":"ListItem","position":2,"name":"Realizacje","item":"https:\/\/mediasoft.com.pl\/projekty\/spawstalsk\/realizacje\/"},{"@type":"ListItem","position":3,"name":"Ogrodzenia","item":"https:\/\/mediasoft.com.pl\/projekty\/spawstalsk\/realizacje\/ogrodzenia\/"},{"@type":"ListItem","position":4,"name":"\u0141upane"}]}]}},"_links":{"self":[{"href":"https:\/\/mediasoft.com.pl\/projekty\/spawstalsk\/wp-json\/wp\/v2\/pages\/352"}],"collection":[{"href":"https:\/\/mediasoft.com.pl\/projekty\/spawstalsk\/wp-json\/wp\/v2\/pages"}],"about":[{"href":"https:\/\/mediasoft.com.pl\/projekty\/spawstalsk\/wp-json\/wp\/v2\/types\/page"}],"author":[{"embeddable":true,"href":"https:\/\/mediasoft.com.pl\/projekty\/spawstalsk\/wp-json\/wp\/v2\/users\/1"}],"replies":[{"embeddable":true,"href":"https:\/\/mediasoft.com.pl\/projekty\/spawstalsk\/wp-json\/wp\/v2\/comments?post=352"}],"version-history":[{"count":8,"href":"https:\/\/mediasoft.com.pl\/projekty\/spawstalsk\/wp-json\/wp\/v2\/pages\/352\/revisions"}],"predecessor-version":[{"id":594,"href":"https:\/\/mediasoft.com.pl\/projekty\/spawstalsk\/wp-json\/wp\/v2\/pages\/352\/revisions\/594"}],"up":[{"embeddable":true,"href":"https:\/\/mediasoft.com.pl\/projekty\/spawstalsk\/wp-json\/wp\/v2\/pages\/335"}],"wp:attachment":[{"href":"https:\/\/mediasoft.com.pl\/projekty\/spawstalsk\/wp-json\/wp\/v2\/media?parent=352"}],"curies":[{"name":"wp","href":"https:\/\/api.w.org\/{rel}","templated":true}]}}