{"id":350,"date":"2018-01-06T12:46:26","date_gmt":"2018-01-06T12:46:26","guid":{"rendered":"https:\/\/mediasoft.com.pl\/projekty\/spawstalsk\/?page_id=350"},"modified":"2018-10-08T13:54:19","modified_gmt":"2018-10-08T13:54:19","slug":"kute","status":"publish","type":"page","link":"https:\/\/mediasoft.com.pl\/projekty\/spawstalsk\/realizacje\/ogrodzenia\/kute\/","title":{"rendered":"Kute"},"content":{"rendered":"<p>Oferujemy wysokiej jako\u015bci ogrodzenia kute i bramy wjazdowe. Zajmujemy si\u0119 ich projektowaniem, wykonaniem i\u00a0monta\u017cem. Wykonujemy zam\u00f3wienia indywidualne na \u017cyczenie klienta.<br \/>\nPosiadamy wzory z\u00a0naszego katalogu gotowych wzor\u00f3w oraz bardzo szerok\u0105 ofert\u0119 wyrob\u00f3w kowalstwa artystycznego. Kute bramy i ogrodzenia, kt\u00f3re wykonujemy ciesz\u0105 si\u0119 zaufaniem klient\u00f3w nie tylko w Polsce, ale i\u00a0poza granicami kraju.\u00a0Nasze kute ogrodzenia s\u0105 przede wszystkim trwa\u0142e i stylowe. Dok\u0142adamy wszelkich stara\u0144, aby w pe\u0142ni wsp\u00f3\u0142pracowa\u0107 z\u00a0klientem, a projektowaniem i monta\u017cem zajmujemy si\u0119 od ponad 10 lat. Nasze do\u015bwiadczenie pozwala nam podejmowa\u0107 si\u0119 nawet najbardziej skomplikowanych inwestycji.<\/p>\n<p><img loading=\"lazy\" class=\"aligncenter wp-image-1203 size-medium\" src=\"https:\/\/mediasoft.com.pl\/projekty\/spawstalsk\/wp-content\/uploads\/2018\/08\/brama-1-300x187.jpg\" alt=\"\" width=\"300\" height=\"187\" srcset=\"https:\/\/mediasoft.com.pl\/projekty\/spawstalsk\/wp-content\/uploads\/2018\/08\/brama-1-300x187.jpg 300w, https:\/\/mediasoft.com.pl\/projekty\/spawstalsk\/wp-content\/uploads\/2018\/08\/brama-1-768x478.jpg 768w, https:\/\/mediasoft.com.pl\/projekty\/spawstalsk\/wp-content\/uploads\/2018\/08\/brama-1-1024x637.jpg 1024w, https:\/\/mediasoft.com.pl\/projekty\/spawstalsk\/wp-content\/uploads\/2018\/08\/brama-1.jpg 1920w\" sizes=\"(max-width: 300px) 100vw, 300px\" \/><\/p>\n","protected":false},"excerpt":{"rendered":"<p>Oferujemy wysokiej jako\u015bci ogrodzenia kute i bramy wjazdowe. Zajmujemy si\u0119 ich projektowaniem, wykonaniem i\u00a0monta\u017cem. Wykonujemy zam\u00f3wienia indywidualne na \u017cyczenie klienta. Posiadamy wzory z\u00a0naszego katalogu gotowych wzor\u00f3w oraz bardzo szerok\u0105 ofert\u0119 wyrob\u00f3w kowalstwa artystycznego. Kute bramy i ogrodzenia, kt\u00f3re wykonujemy ciesz\u0105 si\u0119 zaufaniem klient\u00f3w nie tylko w Polsce, ale i\u00a0poza granicami kraju.\u00a0Nasze kute ogrodzenia s\u0105 przede [&hellip;]<\/p>\n","protected":false},"author":1,"featured_media":1203,"parent":335,"menu_order":28,"comment_status":"closed","ping_status":"closed","template":"","meta":{"_genesis_hide_title":false,"_genesis_hide_breadcrumbs":false,"_genesis_hide_singular_image":false,"_genesis_hide_footer_widgets":false,"_genesis_custom_body_class":"","_genesis_custom_post_class":"","_genesis_layout":""},"yoast_head":"<!-- This site is optimized with the Yoast SEO plugin v18.0 - https:\/\/yoast.com\/wordpress\/plugins\/seo\/ -->\n<title>Kute - Spaw Stal S.K.<\/title>\n<meta name=\"robots\" content=\"index, follow, max-snippet:-1, max-image-preview:large, max-video-preview:-1\" \/>\n<link rel=\"canonical\" href=\"https:\/\/mediasoft.com.pl\/projekty\/spawstalsk\/realizacje\/ogrodzenia\/kute\/\" \/>\n<meta property=\"og:locale\" content=\"pl_PL\" \/>\n<meta property=\"og:type\" content=\"article\" \/>\n<meta property=\"og:title\" content=\"Kute - Spaw Stal S.K.\" \/>\n<meta property=\"og:description\" content=\"Oferujemy wysokiej jako\u015bci ogrodzenia kute i bramy wjazdowe. Zajmujemy si\u0119 ich projektowaniem, wykonaniem i\u00a0monta\u017cem. Wykonujemy zam\u00f3wienia indywidualne na \u017cyczenie klienta. Posiadamy wzory z\u00a0naszego katalogu gotowych wzor\u00f3w oraz bardzo szerok\u0105 ofert\u0119 wyrob\u00f3w kowalstwa artystycznego. Kute bramy i ogrodzenia, kt\u00f3re wykonujemy ciesz\u0105 si\u0119 zaufaniem klient\u00f3w nie tylko w Polsce, ale i\u00a0poza granicami kraju.\u00a0Nasze kute ogrodzenia s\u0105 przede [&hellip;]\" \/>\n<meta property=\"og:url\" content=\"https:\/\/mediasoft.com.pl\/projekty\/spawstalsk\/realizacje\/ogrodzenia\/kute\/\" \/>\n<meta property=\"og:site_name\" content=\"Spaw Stal S.K.\" \/>\n<meta property=\"article:modified_time\" content=\"2018-10-08T13:54:19+00:00\" \/>\n<meta property=\"og:image\" content=\"https:\/\/mediasoft.com.pl\/projekty\/spawstalsk\/wp-content\/uploads\/2018\/08\/brama-1.jpg\" \/>\n\t<meta property=\"og:image:width\" content=\"1920\" \/>\n\t<meta property=\"og:image:height\" content=\"1194\" \/>\n\t<meta property=\"og:image:type\" content=\"image\/jpeg\" \/>\n<meta name=\"twitter:card\" content=\"summary_large_image\" \/>\n<meta name=\"twitter:label1\" content=\"Szacowany czas czytania\" \/>\n\t<meta name=\"twitter:data1\" content=\"1 minuta\" \/>\n<script type=\"application\/ld+json\" class=\"yoast-schema-graph\">{\"@context\":\"https:\/\/schema.org\",\"@graph\":[{\"@type\":\"WebSite\",\"@id\":\"https:\/\/mediasoft.com.pl\/projekty\/spawstalsk\/#website\",\"url\":\"https:\/\/mediasoft.com.pl\/projekty\/spawstalsk\/\",\"name\":\"Spaw Stal S.K.\",\"description\":\"Nowoczesne Ogrodzenia\",\"potentialAction\":[{\"@type\":\"SearchAction\",\"target\":{\"@type\":\"EntryPoint\",\"urlTemplate\":\"https:\/\/mediasoft.com.pl\/projekty\/spawstalsk\/?s={search_term_string}\"},\"query-input\":\"required name=search_term_string\"}],\"inLanguage\":\"pl-PL\"},{\"@type\":\"ImageObject\",\"@id\":\"https:\/\/mediasoft.com.pl\/projekty\/spawstalsk\/realizacje\/ogrodzenia\/kute\/#primaryimage\",\"inLanguage\":\"pl-PL\",\"url\":\"https:\/\/mediasoft.com.pl\/projekty\/spawstalsk\/wp-content\/uploads\/2018\/08\/brama-1.jpg\",\"contentUrl\":\"https:\/\/mediasoft.com.pl\/projekty\/spawstalsk\/wp-content\/uploads\/2018\/08\/brama-1.jpg\",\"width\":1920,\"height\":1194},{\"@type\":\"WebPage\",\"@id\":\"https:\/\/mediasoft.com.pl\/projekty\/spawstalsk\/realizacje\/ogrodzenia\/kute\/#webpage\",\"url\":\"https:\/\/mediasoft.com.pl\/projekty\/spawstalsk\/realizacje\/ogrodzenia\/kute\/\",\"name\":\"Kute - Spaw Stal S.K.\",\"isPartOf\":{\"@id\":\"https:\/\/mediasoft.com.pl\/projekty\/spawstalsk\/#website\"},\"primaryImageOfPage\":{\"@id\":\"https:\/\/mediasoft.com.pl\/projekty\/spawstalsk\/realizacje\/ogrodzenia\/kute\/#primaryimage\"},\"datePublished\":\"2018-01-06T12:46:26+00:00\",\"dateModified\":\"2018-10-08T13:54:19+00:00\",\"breadcrumb\":{\"@id\":\"https:\/\/mediasoft.com.pl\/projekty\/spawstalsk\/realizacje\/ogrodzenia\/kute\/#breadcrumb\"},\"inLanguage\":\"pl-PL\",\"potentialAction\":[{\"@type\":\"ReadAction\",\"target\":[\"https:\/\/mediasoft.com.pl\/projekty\/spawstalsk\/realizacje\/ogrodzenia\/kute\/\"]}]},{\"@type\":\"BreadcrumbList\",\"@id\":\"https:\/\/mediasoft.com.pl\/projekty\/spawstalsk\/realizacje\/ogrodzenia\/kute\/#breadcrumb\",\"itemListElement\":[{\"@type\":\"ListItem\",\"position\":1,\"name\":\"Strona g\u0142\u00f3wna\",\"item\":\"https:\/\/mediasoft.com.pl\/projekty\/spawstalsk\/\"},{\"@type\":\"ListItem\",\"position\":2,\"name\":\"Realizacje\",\"item\":\"https:\/\/mediasoft.com.pl\/projekty\/spawstalsk\/realizacje\/\"},{\"@type\":\"ListItem\",\"position\":3,\"name\":\"Ogrodzenia\",\"item\":\"https:\/\/mediasoft.com.pl\/projekty\/spawstalsk\/realizacje\/ogrodzenia\/\"},{\"@type\":\"ListItem\",\"position\":4,\"name\":\"Kute\"}]}]}<\/script>\n<!-- \/ Yoast SEO plugin. -->","yoast_head_json":{"title":"Kute - Spaw Stal S.K.","robots":{"index":"index","follow":"follow","max-snippet":"max-snippet:-1","max-image-preview":"max-image-preview:large","max-video-preview":"max-video-preview:-1"},"canonical":"https:\/\/mediasoft.com.pl\/projekty\/spawstalsk\/realizacje\/ogrodzenia\/kute\/","og_locale":"pl_PL","og_type":"article","og_title":"Kute - Spaw Stal S.K.","og_description":"Oferujemy wysokiej jako\u015bci ogrodzenia kute i bramy wjazdowe. Zajmujemy si\u0119 ich projektowaniem, wykonaniem i\u00a0monta\u017cem. Wykonujemy zam\u00f3wienia indywidualne na \u017cyczenie klienta. Posiadamy wzory z\u00a0naszego katalogu gotowych wzor\u00f3w oraz bardzo szerok\u0105 ofert\u0119 wyrob\u00f3w kowalstwa artystycznego. Kute bramy i ogrodzenia, kt\u00f3re wykonujemy ciesz\u0105 si\u0119 zaufaniem klient\u00f3w nie tylko w Polsce, ale i\u00a0poza granicami kraju.\u00a0Nasze kute ogrodzenia s\u0105 przede [&hellip;]","og_url":"https:\/\/mediasoft.com.pl\/projekty\/spawstalsk\/realizacje\/ogrodzenia\/kute\/","og_site_name":"Spaw Stal S.K.","article_modified_time":"2018-10-08T13:54:19+00:00","og_image":[{"width":1920,"height":1194,"url":"https:\/\/mediasoft.com.pl\/projekty\/spawstalsk\/wp-content\/uploads\/2018\/08\/brama-1.jpg","type":"image\/jpeg"}],"twitter_card":"summary_large_image","twitter_misc":{"Szacowany czas czytania":"1 minuta"},"schema":{"@context":"https:\/\/schema.org","@graph":[{"@type":"WebSite","@id":"https:\/\/mediasoft.com.pl\/projekty\/spawstalsk\/#website","url":"https:\/\/mediasoft.com.pl\/projekty\/spawstalsk\/","name":"Spaw Stal S.K.","description":"Nowoczesne Ogrodzenia","potentialAction":[{"@type":"SearchAction","target":{"@type":"EntryPoint","urlTemplate":"https:\/\/mediasoft.com.pl\/projekty\/spawstalsk\/?s={search_term_string}"},"query-input":"required name=search_term_string"}],"inLanguage":"pl-PL"},{"@type":"ImageObject","@id":"https:\/\/mediasoft.com.pl\/projekty\/spawstalsk\/realizacje\/ogrodzenia\/kute\/#primaryimage","inLanguage":"pl-PL","url":"https:\/\/mediasoft.com.pl\/projekty\/spawstalsk\/wp-content\/uploads\/2018\/08\/brama-1.jpg","contentUrl":"https:\/\/mediasoft.com.pl\/projekty\/spawstalsk\/wp-content\/uploads\/2018\/08\/brama-1.jpg","width":1920,"height":1194},{"@type":"WebPage","@id":"https:\/\/mediasoft.com.pl\/projekty\/spawstalsk\/realizacje\/ogrodzenia\/kute\/#webpage","url":"https:\/\/mediasoft.com.pl\/projekty\/spawstalsk\/realizacje\/ogrodzenia\/kute\/","name":"Kute - Spaw Stal S.K.","isPartOf":{"@id":"https:\/\/mediasoft.com.pl\/projekty\/spawstalsk\/#website"},"primaryImageOfPage":{"@id":"https:\/\/mediasoft.com.pl\/projekty\/spawstalsk\/realizacje\/ogrodzenia\/kute\/#primaryimage"},"datePublished":"2018-01-06T12:46:26+00:00","dateModified":"2018-10-08T13:54:19+00:00","breadcrumb":{"@id":"https:\/\/mediasoft.com.pl\/projekty\/spawstalsk\/realizacje\/ogrodzenia\/kute\/#breadcrumb"},"inLanguage":"pl-PL","potentialAction":[{"@type":"ReadAction","target":["https:\/\/mediasoft.com.pl\/projekty\/spawstalsk\/realizacje\/ogrodzenia\/kute\/"]}]},{"@type":"BreadcrumbList","@id":"https:\/\/mediasoft.com.pl\/projekty\/spawstalsk\/realizacje\/ogrodzenia\/kute\/#breadcrumb","itemListElement":[{"@type":"ListItem","position":1,"name":"Strona g\u0142\u00f3wna","item":"https:\/\/mediasoft.com.pl\/projekty\/spawstalsk\/"},{"@type":"ListItem","position":2,"name":"Realizacje","item":"https:\/\/mediasoft.com.pl\/projekty\/spawstalsk\/realizacje\/"},{"@type":"ListItem","position":3,"name":"Ogrodzenia","item":"https:\/\/mediasoft.com.pl\/projekty\/spawstalsk\/realizacje\/ogrodzenia\/"},{"@type":"ListItem","position":4,"name":"Kute"}]}]}},"_links":{"self":[{"href":"https:\/\/mediasoft.com.pl\/projekty\/spawstalsk\/wp-json\/wp\/v2\/pages\/350"}],"collection":[{"href":"https:\/\/mediasoft.com.pl\/projekty\/spawstalsk\/wp-json\/wp\/v2\/pages"}],"about":[{"href":"https:\/\/mediasoft.com.pl\/projekty\/spawstalsk\/wp-json\/wp\/v2\/types\/page"}],"author":[{"embeddable":true,"href":"https:\/\/mediasoft.com.pl\/projekty\/spawstalsk\/wp-json\/wp\/v2\/users\/1"}],"replies":[{"embeddable":true,"href":"https:\/\/mediasoft.com.pl\/projekty\/spawstalsk\/wp-json\/wp\/v2\/comments?post=350"}],"version-history":[{"count":6,"href":"https:\/\/mediasoft.com.pl\/projekty\/spawstalsk\/wp-json\/wp\/v2\/pages\/350\/revisions"}],"predecessor-version":[{"id":1230,"href":"https:\/\/mediasoft.com.pl\/projekty\/spawstalsk\/wp-json\/wp\/v2\/pages\/350\/revisions\/1230"}],"up":[{"embeddable":true,"href":"https:\/\/mediasoft.com.pl\/projekty\/spawstalsk\/wp-json\/wp\/v2\/pages\/335"}],"wp:featuredmedia":[{"embeddable":true,"href":"https:\/\/mediasoft.com.pl\/projekty\/spawstalsk\/wp-json\/wp\/v2\/media\/1203"}],"wp:attachment":[{"href":"https:\/\/mediasoft.com.pl\/projekty\/spawstalsk\/wp-json\/wp\/v2\/media?parent=350"}],"curies":[{"name":"wp","href":"https:\/\/api.w.org\/{rel}","templated":true}]}}