{"id":1100,"date":"2018-08-04T19:05:14","date_gmt":"2018-08-04T19:05:14","guid":{"rendered":"https:\/\/mediasoft.com.pl\/projekty\/spawstalsk\/?page_id=1100"},"modified":"2019-02-05T09:14:24","modified_gmt":"2019-02-05T09:14:24","slug":"wycenabramy","status":"publish","type":"page","link":"https:\/\/mediasoft.com.pl\/projekty\/spawstalsk\/wycena\/wycenabramy\/","title":{"rendered":"Wycena Bram"},"content":{"rendered":"\n<div class=\"wp-block-image\"><figure class=\"aligncenter\"><img loading=\"lazy\" width=\"300\" height=\"231\" src=\"https:\/\/mediasoft.com.pl\/projekty\/spawstalsk\/wp-content\/uploads\/2018\/08\/wymiary_bramy_segmentowej_l0oa8005.jpg\" alt=\"\" class=\"wp-image-1126\"\/><\/figure><\/div>\n\n\n<div role=\"form\" class=\"wpcf7\" id=\"wpcf7-f1483-o1\" lang=\"pl-PL\" dir=\"ltr\">\n<div class=\"screen-reader-response\"><p role=\"status\" aria-live=\"polite\" aria-atomic=\"true\"><\/p> <ul><\/ul><\/div>\n<form action=\"\/projekty\/spawstalsk\/wp-json\/wp\/v2\/pages\/1100#wpcf7-f1483-o1\" method=\"post\" class=\"wpcf7-form init\" novalidate=\"novalidate\" data-status=\"init\">\n<div style=\"display: none;\">\n<input type=\"hidden\" name=\"_wpcf7\" value=\"1483\" \/>\n<input type=\"hidden\" name=\"_wpcf7_version\" value=\"5.5.4\" \/>\n<input type=\"hidden\" name=\"_wpcf7_locale\" value=\"pl_PL\" \/>\n<input type=\"hidden\" name=\"_wpcf7_unit_tag\" value=\"wpcf7-f1483-o1\" \/>\n<input type=\"hidden\" name=\"_wpcf7_container_post\" value=\"0\" \/>\n<input type=\"hidden\" name=\"_wpcf7_posted_data_hash\" value=\"\" \/>\n<input type=\"hidden\" name=\"_wpcf7_recaptcha_response\" value=\"\" \/>\n<\/div>\n<h3>1. BRAMA WJAZDOWA<\/h3>\n<div class=\"form-row\">\n<div class=\"col-md-6 mb-3\">\n<label for=\"gateway\">Us\u0142uga<\/label><br \/>\n<span class=\"wpcf7-form-control-wrap gateway\"><select name=\"gateway\" class=\"wpcf7-form-control wpcf7-select\" id=\"gateway\" aria-invalid=\"false\"><option value=\"wymiana istniej\u0105cej bramy\">wymiana istniej\u0105cej bramy<\/option><option value=\"nowe miejsce na bram\u0119\">nowe miejsce na bram\u0119<\/option><option value=\"wymiana bramy przemys\u0142owej\">wymiana bramy przemys\u0142owej<\/option><option value=\"nowe miejsce na bram\u0119 przemys\u0142ow\u0105\">nowe miejsce na bram\u0119 przemys\u0142ow\u0105<\/option><\/select><\/span> <\/p>\n<\/div>\n<div class=\"col-md-6 mb-3\">\n<label for=\"gatewayPlace\">Lokalizacja bramy<\/label><br \/>\n<span class=\"wpcf7-form-control-wrap gatewayPlace\"><select name=\"gatewayPlace\" class=\"wpcf7-form-control wpcf7-select\" id=\"gatewayPlace\" aria-invalid=\"false\"><option value=\"brama w gara\u017cu po\u0142\u0105czonym z budynkiem mieszkalnym\">brama w gara\u017cu po\u0142\u0105czonym z budynkiem mieszkalnym<\/option><option value=\"brama w gara\u017cu wolnostoj\u0105cym\">brama w gara\u017cu wolnostoj\u0105cym<\/option><option value=\"nie dotyczy\">nie dotyczy<\/option><\/select><\/span>\n<\/div>\n<div class=\"col-md-6 mb-3\">\n<label for=\"numberOfGates\">ilo\u015b\u0107 bram<\/label><br \/>\n<span class=\"wpcf7-form-control-wrap numberOfGates\"><input type=\"number\" name=\"numberOfGates\" value=\"\" class=\"wpcf7-form-control wpcf7-number wpcf7-validates-as-number\" id=\"numberOfGates\" aria-invalid=\"false\" \/><\/span><\/p>\n<\/div>\n<div class=\"col-md-6 mb-3\">\n<label for=\"gateColor\">kolor bramy<\/label><br \/>\n<span class=\"wpcf7-form-control-wrap gateColor\"><select name=\"gateColor\" class=\"wpcf7-form-control wpcf7-select\" id=\"gateColor\" aria-invalid=\"false\"><option value=\"\">---<\/option><option value=\"bia\u0142a\">bia\u0142a<\/option><option value=\"br\u0105zowa\">br\u0105zowa<\/option><option value=\"inny kolor jednolity\">inny kolor jednolity<\/option><option value=\"drewnopodobna\">drewnopodobna<\/option><\/select><\/span><\/p>\n<\/div>\n<\/div>\n<h3>2. WYMIARY OTWORU POD BRAM\u0118 \u2013 uzupe\u0142nij wymiary wed\u0142ug powy\u017cszego rysunku<\/h3>\n<div class=\"form-row\">\n<div class=\"col-md-4 mb-3\">\n<label for=\"widthB\">Szeroko\u015b\u0107 \u201eB\u201d otworu pod bram\u0119 w cm<\/label><\/p>\n<p><span class=\"wpcf7-form-control-wrap widthB\"><input type=\"number\" name=\"widthB\" value=\"\" class=\"wpcf7-form-control wpcf7-number wpcf7-validates-as-number\" id=\"widthB\" aria-invalid=\"false\" \/><\/span><\/p>\n<\/div>\n<div class=\"col-md-4 mb-3\">\n<label for=\"heightH\">wysoko\u015b\u0107 \u201eH\u201d otworu pod bram\u0119 w cm<\/label><\/p>\n<p><span class=\"wpcf7-form-control-wrap heightH\"><input type=\"number\" name=\"heightH\" value=\"\" class=\"wpcf7-form-control wpcf7-number wpcf7-validates-as-number\" id=\"heightH\" aria-invalid=\"false\" \/><\/span><\/p>\n<\/div>\n<div class=\"col-md-4 mb-3\">\n<label for=\"heightS\">wysoko\u015b\u0107 \u201eS\u201d nadpro\u017ca w cm<\/label><\/p>\n<p><span class=\"wpcf7-form-control-wrap heightS\"><input type=\"number\" name=\"heightS\" value=\"\" class=\"wpcf7-form-control wpcf7-number wpcf7-validates-as-number\" id=\"heightS\" aria-invalid=\"false\" \/><\/span><\/p>\n<\/div>\n<div class=\"col-md-4 mb-3\">\n<label for=\"widthW1\">szeroko\u015b\u0107 w\u0119garka lewego \u201eWL\u201d w cm<\/label><\/p>\n<p><span class=\"wpcf7-form-control-wrap widthW1\"><input type=\"number\" name=\"widthW1\" value=\"\" class=\"wpcf7-form-control wpcf7-number wpcf7-validates-as-number\" id=\"widthW1\" aria-invalid=\"false\" \/><\/span><\/p>\n<\/div>\n<div class=\"col-md-4 mb-3\">\n<label for=\"widthWp\">szeroko\u015b\u0107 w\u0119garka prawego \u201eWP\u201d w cm<\/label><\/p>\n<p><span class=\"wpcf7-form-control-wrap widthWp\"><input type=\"number\" name=\"widthWp\" value=\"\" class=\"wpcf7-form-control wpcf7-number wpcf7-validates-as-number\" id=\"widthWp\" aria-invalid=\"false\" \/><\/span><\/p>\n<\/div>\n<div class=\"col-md-4 mb-3\">\n<label for=\"depthD\">g\u0142\u0119boko\u015b\u0107 gara\u017cu \u2013 miejsca na otwarcie si\u0119 bramy \u201eD\u201d w cm<\/label><br \/>\n<span class=\"wpcf7-form-control-wrap depthD\"><input type=\"number\" name=\"depthD\" value=\"\" class=\"wpcf7-form-control wpcf7-number wpcf7-validates-as-number\" id=\"depthD\" aria-invalid=\"false\" \/><\/span><\/p>\n<\/div>\n<\/div>\n<h3>4. SPOS\u00d3B OTWIERANIA BRAMY<\/h3>\n<div class=\"form-row\">\n<p><span class=\"wpcf7-form-control-wrap openingGate\"><span class=\"wpcf7-form-control wpcf7-radio\"><span class=\"wpcf7-list-item first\"><input type=\"radio\" name=\"openingGate\" value=\"otwierana r\u0119cznie\" checked=\"checked\" \/><span class=\"wpcf7-list-item-label\">otwierana r\u0119cznie<\/span><\/span><span class=\"wpcf7-list-item last\"><input type=\"radio\" name=\"openingGate\" value=\"otwierana automatycznie\" \/><span class=\"wpcf7-list-item-label\">otwierana automatycznie<\/span><\/span><\/span><\/span><\/p>\n<\/div>\n<h3>5. CZY DO POMIESZCZENIA GDZIE B\u0118DZIE ZAINSTALOWANA BRAMA JEST DODATKOWE WEJ\u015aCIE \u2013 AWARYJNE?<\/h3>\n<div class=\"form-row\">\n<p><span class=\"wpcf7-form-control-wrap extraEntry\"><span class=\"wpcf7-form-control wpcf7-radio\"><span class=\"wpcf7-list-item first\"><input type=\"radio\" name=\"extraEntry\" value=\"tak\" checked=\"checked\" \/><span class=\"wpcf7-list-item-label\">tak<\/span><\/span><span class=\"wpcf7-list-item last\"><input type=\"radio\" name=\"extraEntry\" value=\"nie\" \/><span class=\"wpcf7-list-item-label\">nie<\/span><\/span><\/span><\/span><\/p>\n<\/div>\n<h3>6. MONTA\u017b<\/h3>\n<div class=\"form-row\">\n<p><span class=\"wpcf7-form-control-wrap mounting\"><span class=\"wpcf7-form-control wpcf7-radio\"><span class=\"wpcf7-list-item first\"><input type=\"radio\" name=\"mounting\" value=\"tak\" checked=\"checked\" \/><span class=\"wpcf7-list-item-label\">tak<\/span><\/span><span class=\"wpcf7-list-item last\"><input type=\"radio\" name=\"mounting\" value=\"nie\" \/><span class=\"wpcf7-list-item-label\">nie<\/span><\/span><\/span><\/span><\/p>\n<\/div>\n<h3>7. TWOJE WYTYCZNE WYKONANIA, JAKO\u015aCI I WARTO\u015aCI<\/h3>\n<p><span class=\"wpcf7-form-control-wrap quality\"><select name=\"quality\" class=\"wpcf7-form-control wpcf7-select\" id=\"quality\" aria-invalid=\"false\"><option value=\"\">---<\/option><option value=\"1. Nie zale\u017cy mi na dobrej jako\u015bci - prosz\u0119 najni\u017csz\u0105 cen\u0119 - za kilka lat mog\u0119 to wymieni\u0107\">1. Nie zale\u017cy mi na dobrej jako\u015bci - prosz\u0119 najni\u017csz\u0105 cen\u0119 - za kilka lat mog\u0119 to wymieni\u0107<\/option><option value=\"2. Dobrej jako\u015bci - trwa\u0142e rozwi\u0105zanie na lata - cena mo\u017ce by\u0107 wy\u017csza\">2. Dobrej jako\u015bci - trwa\u0142e rozwi\u0105zanie na lata - cena mo\u017ce by\u0107 wy\u017csza<\/option><option value=\"3. Chc\u0119 najwy\u017cszej jako\u015bci rozwi\u0105zanie - jestem \u015bwiadomy wy\u017cszej ceny.\">3. Chc\u0119 najwy\u017cszej jako\u015bci rozwi\u0105zanie - jestem \u015bwiadomy wy\u017cszej ceny.<\/option><\/select><\/span><\/p>\n<h3>8. UWAGI, SPOSTRZE\u017bENIA, DODATKOWE INFORMACJE, UTRUDNIENIA:<\/h3>\n<div class=\"form-row\">\n<p><span class=\"wpcf7-form-control-wrap infos\"><textarea name=\"infos\" cols=\"40\" rows=\"10\" class=\"wpcf7-form-control wpcf7-textarea\" id=\"infos\" aria-invalid=\"false\"><\/textarea><\/span><\/p>\n<\/div>\n<h3>9. PODAJ NAM SWOJE DANE W CELU PRZYGOTOWANIA I PRZES\u0141ANIA NASZEJ OFERTY<\/h3>\n<div class=\"form-row\">\n<div class=\"col-md-3 mb-3\">\n<label for=\"nameAndSurname\">Imi\u0119 i Nazwisko<\/label><br \/>\n<span class=\"wpcf7-form-control-wrap nameAndSurname\"><input type=\"text\" name=\"nameAndSurname\" value=\"\" size=\"40\" class=\"wpcf7-form-control wpcf7-text wpcf7-validates-as-required\" id=\"nameAndSurname\" aria-required=\"true\" aria-invalid=\"false\" \/><\/span>\n<\/div>\n<div class=\"col-md-3 mb-3\">\n<label for=\"email\">Adres e-mail<\/label><br \/>\n<span class=\"wpcf7-form-control-wrap email\"><input type=\"text\" name=\"email\" value=\"\" size=\"40\" class=\"wpcf7-form-control wpcf7-text wpcf7-validates-as-required\" id=\"email\" aria-required=\"true\" aria-invalid=\"false\" \/><\/span>\n<\/div>\n<div class=\"col-md-3 mb-3\">\n<label for=\"tel\">Telefon kontaktowy<\/label><br \/>\n<span class=\"wpcf7-form-control-wrap tel\"><input type=\"tel\" name=\"tel\" value=\"\" size=\"40\" class=\"wpcf7-form-control wpcf7-text wpcf7-tel wpcf7-validates-as-tel\" id=\"tel\" aria-invalid=\"false\" \/><\/span>\n<\/div>\n<div class=\"col-md-3 mb-3\">\n<label for=\"\">Miejscowo\u015b\u0107 monta\u017cu ogrodzenia<\/label><br \/>\n<span class=\"wpcf7-form-control-wrap city\"><input type=\"text\" name=\"city\" value=\"\" size=\"40\" class=\"wpcf7-form-control wpcf7-text wpcf7-validates-as-required\" id=\"city\" aria-required=\"true\" aria-invalid=\"false\" \/><\/span>\n<\/div>\n<\/div>\n<p><span class=\"wpcf7-form-control-wrap acceptance-650\"><span class=\"wpcf7-form-control wpcf7-acceptance\"><span class=\"wpcf7-list-item\"><label><input type=\"checkbox\" name=\"acceptance-650\" value=\"1\" aria-invalid=\"false\" \/><span class=\"wpcf7-list-item-label\">Wyra\u017cam zgod\u0119 na przetwarzanie moich danych osobowych zgodnie z ustaw\u0105 o ochronie danych osobowych w zwi\u0105zku z realizacj\u0105 zg\u0142oszenia. <a href=\"https:\/\/mediasoft.com.pl\/projekty\/spawstalsk\/kontakt\/polityka-prywatnosci\" target=\"_blank\">Przeczyta\u0142em \/am Regulamin<\/a><\/span><\/label><\/span><\/span><\/span><\/p>\n<p><input type=\"submit\" value=\"Wy\u015blij\" class=\"wpcf7-form-control has-spinner wpcf7-submit\" id=\"send\" \/><\/p>\n<div class=\"wpcf7-response-output\" aria-hidden=\"true\"><\/div><\/form><\/div>\n","protected":false},"excerpt":{"rendered":"","protected":false},"author":1,"featured_media":0,"parent":1234,"menu_order":19,"comment_status":"closed","ping_status":"closed","template":"","meta":{"_genesis_hide_title":false,"_genesis_hide_breadcrumbs":false,"_genesis_hide_singular_image":false,"_genesis_hide_footer_widgets":false,"_genesis_custom_body_class":"","_genesis_custom_post_class":"","_genesis_layout":""},"yoast_head":"<!-- This site is optimized with the Yoast SEO plugin v18.0 - https:\/\/yoast.com\/wordpress\/plugins\/seo\/ -->\n<title>Wycena Bram - Spaw Stal S.K.<\/title>\n<meta name=\"robots\" content=\"index, follow, max-snippet:-1, max-image-preview:large, max-video-preview:-1\" \/>\n<link rel=\"canonical\" href=\"https:\/\/mediasoft.com.pl\/projekty\/spawstalsk\/wycena\/wycenabramy\/\" \/>\n<meta property=\"og:locale\" content=\"pl_PL\" \/>\n<meta property=\"og:type\" content=\"article\" \/>\n<meta property=\"og:title\" content=\"Wycena Bram - Spaw Stal S.K.\" \/>\n<meta property=\"og:url\" content=\"https:\/\/mediasoft.com.pl\/projekty\/spawstalsk\/wycena\/wycenabramy\/\" \/>\n<meta property=\"og:site_name\" content=\"Spaw Stal S.K.\" \/>\n<meta property=\"article:modified_time\" content=\"2019-02-05T09:14:24+00:00\" \/>\n<meta property=\"og:image\" content=\"https:\/\/mediasoft.com.pl\/projekty\/spawstalsk\/wp-content\/uploads\/2018\/08\/wymiary_bramy_segmentowej_l0oa8005.jpg\" \/>\n<meta name=\"twitter:card\" content=\"summary_large_image\" \/>\n<script type=\"application\/ld+json\" class=\"yoast-schema-graph\">{\"@context\":\"https:\/\/schema.org\",\"@graph\":[{\"@type\":\"WebSite\",\"@id\":\"https:\/\/mediasoft.com.pl\/projekty\/spawstalsk\/#website\",\"url\":\"https:\/\/mediasoft.com.pl\/projekty\/spawstalsk\/\",\"name\":\"Spaw Stal S.K.\",\"description\":\"Nowoczesne Ogrodzenia\",\"potentialAction\":[{\"@type\":\"SearchAction\",\"target\":{\"@type\":\"EntryPoint\",\"urlTemplate\":\"https:\/\/mediasoft.com.pl\/projekty\/spawstalsk\/?s={search_term_string}\"},\"query-input\":\"required name=search_term_string\"}],\"inLanguage\":\"pl-PL\"},{\"@type\":\"ImageObject\",\"@id\":\"https:\/\/mediasoft.com.pl\/projekty\/spawstalsk\/wycena\/wycenabramy\/#primaryimage\",\"inLanguage\":\"pl-PL\",\"url\":\"https:\/\/mediasoft.com.pl\/projekty\/spawstalsk\/wp-content\/uploads\/2018\/08\/wymiary_bramy_segmentowej_l0oa8005.jpg\",\"contentUrl\":\"https:\/\/mediasoft.com.pl\/projekty\/spawstalsk\/wp-content\/uploads\/2018\/08\/wymiary_bramy_segmentowej_l0oa8005.jpg\",\"width\":300,\"height\":231},{\"@type\":\"WebPage\",\"@id\":\"https:\/\/mediasoft.com.pl\/projekty\/spawstalsk\/wycena\/wycenabramy\/#webpage\",\"url\":\"https:\/\/mediasoft.com.pl\/projekty\/spawstalsk\/wycena\/wycenabramy\/\",\"name\":\"Wycena Bram - Spaw Stal S.K.\",\"isPartOf\":{\"@id\":\"https:\/\/mediasoft.com.pl\/projekty\/spawstalsk\/#website\"},\"primaryImageOfPage\":{\"@id\":\"https:\/\/mediasoft.com.pl\/projekty\/spawstalsk\/wycena\/wycenabramy\/#primaryimage\"},\"datePublished\":\"2018-08-04T19:05:14+00:00\",\"dateModified\":\"2019-02-05T09:14:24+00:00\",\"breadcrumb\":{\"@id\":\"https:\/\/mediasoft.com.pl\/projekty\/spawstalsk\/wycena\/wycenabramy\/#breadcrumb\"},\"inLanguage\":\"pl-PL\",\"potentialAction\":[{\"@type\":\"ReadAction\",\"target\":[\"https:\/\/mediasoft.com.pl\/projekty\/spawstalsk\/wycena\/wycenabramy\/\"]}]},{\"@type\":\"BreadcrumbList\",\"@id\":\"https:\/\/mediasoft.com.pl\/projekty\/spawstalsk\/wycena\/wycenabramy\/#breadcrumb\",\"itemListElement\":[{\"@type\":\"ListItem\",\"position\":1,\"name\":\"Strona g\u0142\u00f3wna\",\"item\":\"https:\/\/mediasoft.com.pl\/projekty\/spawstalsk\/\"},{\"@type\":\"ListItem\",\"position\":2,\"name\":\"Wycena\",\"item\":\"https:\/\/mediasoft.com.pl\/projekty\/spawstalsk\/wycena\/\"},{\"@type\":\"ListItem\",\"position\":3,\"name\":\"Wycena Bram\"}]}]}<\/script>\n<!-- \/ Yoast SEO plugin. -->","yoast_head_json":{"title":"Wycena Bram - Spaw Stal S.K.","robots":{"index":"index","follow":"follow","max-snippet":"max-snippet:-1","max-image-preview":"max-image-preview:large","max-video-preview":"max-video-preview:-1"},"canonical":"https:\/\/mediasoft.com.pl\/projekty\/spawstalsk\/wycena\/wycenabramy\/","og_locale":"pl_PL","og_type":"article","og_title":"Wycena Bram - Spaw Stal S.K.","og_url":"https:\/\/mediasoft.com.pl\/projekty\/spawstalsk\/wycena\/wycenabramy\/","og_site_name":"Spaw Stal S.K.","article_modified_time":"2019-02-05T09:14:24+00:00","og_image":[{"url":"https:\/\/mediasoft.com.pl\/projekty\/spawstalsk\/wp-content\/uploads\/2018\/08\/wymiary_bramy_segmentowej_l0oa8005.jpg"}],"twitter_card":"summary_large_image","schema":{"@context":"https:\/\/schema.org","@graph":[{"@type":"WebSite","@id":"https:\/\/mediasoft.com.pl\/projekty\/spawstalsk\/#website","url":"https:\/\/mediasoft.com.pl\/projekty\/spawstalsk\/","name":"Spaw Stal S.K.","description":"Nowoczesne Ogrodzenia","potentialAction":[{"@type":"SearchAction","target":{"@type":"EntryPoint","urlTemplate":"https:\/\/mediasoft.com.pl\/projekty\/spawstalsk\/?s={search_term_string}"},"query-input":"required name=search_term_string"}],"inLanguage":"pl-PL"},{"@type":"ImageObject","@id":"https:\/\/mediasoft.com.pl\/projekty\/spawstalsk\/wycena\/wycenabramy\/#primaryimage","inLanguage":"pl-PL","url":"https:\/\/mediasoft.com.pl\/projekty\/spawstalsk\/wp-content\/uploads\/2018\/08\/wymiary_bramy_segmentowej_l0oa8005.jpg","contentUrl":"https:\/\/mediasoft.com.pl\/projekty\/spawstalsk\/wp-content\/uploads\/2018\/08\/wymiary_bramy_segmentowej_l0oa8005.jpg","width":300,"height":231},{"@type":"WebPage","@id":"https:\/\/mediasoft.com.pl\/projekty\/spawstalsk\/wycena\/wycenabramy\/#webpage","url":"https:\/\/mediasoft.com.pl\/projekty\/spawstalsk\/wycena\/wycenabramy\/","name":"Wycena Bram - Spaw Stal S.K.","isPartOf":{"@id":"https:\/\/mediasoft.com.pl\/projekty\/spawstalsk\/#website"},"primaryImageOfPage":{"@id":"https:\/\/mediasoft.com.pl\/projekty\/spawstalsk\/wycena\/wycenabramy\/#primaryimage"},"datePublished":"2018-08-04T19:05:14+00:00","dateModified":"2019-02-05T09:14:24+00:00","breadcrumb":{"@id":"https:\/\/mediasoft.com.pl\/projekty\/spawstalsk\/wycena\/wycenabramy\/#breadcrumb"},"inLanguage":"pl-PL","potentialAction":[{"@type":"ReadAction","target":["https:\/\/mediasoft.com.pl\/projekty\/spawstalsk\/wycena\/wycenabramy\/"]}]},{"@type":"BreadcrumbList","@id":"https:\/\/mediasoft.com.pl\/projekty\/spawstalsk\/wycena\/wycenabramy\/#breadcrumb","itemListElement":[{"@type":"ListItem","position":1,"name":"Strona g\u0142\u00f3wna","item":"https:\/\/mediasoft.com.pl\/projekty\/spawstalsk\/"},{"@type":"ListItem","position":2,"name":"Wycena","item":"https:\/\/mediasoft.com.pl\/projekty\/spawstalsk\/wycena\/"},{"@type":"ListItem","position":3,"name":"Wycena Bram"}]}]}},"_links":{"self":[{"href":"https:\/\/mediasoft.com.pl\/projekty\/spawstalsk\/wp-json\/wp\/v2\/pages\/1100"}],"collection":[{"href":"https:\/\/mediasoft.com.pl\/projekty\/spawstalsk\/wp-json\/wp\/v2\/pages"}],"about":[{"href":"https:\/\/mediasoft.com.pl\/projekty\/spawstalsk\/wp-json\/wp\/v2\/types\/page"}],"author":[{"embeddable":true,"href":"https:\/\/mediasoft.com.pl\/projekty\/spawstalsk\/wp-json\/wp\/v2\/users\/1"}],"replies":[{"embeddable":true,"href":"https:\/\/mediasoft.com.pl\/projekty\/spawstalsk\/wp-json\/wp\/v2\/comments?post=1100"}],"version-history":[{"count":26,"href":"https:\/\/mediasoft.com.pl\/projekty\/spawstalsk\/wp-json\/wp\/v2\/pages\/1100\/revisions"}],"predecessor-version":[{"id":1495,"href":"https:\/\/mediasoft.com.pl\/projekty\/spawstalsk\/wp-json\/wp\/v2\/pages\/1100\/revisions\/1495"}],"up":[{"embeddable":true,"href":"https:\/\/mediasoft.com.pl\/projekty\/spawstalsk\/wp-json\/wp\/v2\/pages\/1234"}],"wp:attachment":[{"href":"https:\/\/mediasoft.com.pl\/projekty\/spawstalsk\/wp-json\/wp\/v2\/media?parent=1100"}],"curies":[{"name":"wp","href":"https:\/\/api.w.org\/{rel}","templated":true}]}}